5*u**3 - 17*u**2 + u - 11*u**3. Let k be j(-1). Let z be m(k). What is the highest common divisor of 98 and z?
7
Let l(x) = -19*x - 4. Let y(w) = 21*w + 4. Let n(r) = -5*l(r) - 4*y(r). Let s = 6 - 2. Let j be n(s). What is the highest common divisor of 12 and j?
12
Let b(y) = 11*y**2 + 17*y + 108. Let t be b(19). Calculate the highest common divisor of 62 and t.
62
Suppose -7*t - 47 = -10*t + 2*a, 17 = t - a. Let n = 9 - 7. Suppose -3*h = 2*w - 197, -n*h = 2*w - 175 - 17. What is the highest common factor of w and t?
13
Let k(o) be the first derivative of -21*o**2/2 - 3*o + 7. Let r be k(2). Let s = 57 + r. What is the highest common divisor of s and 60?
12
Suppose 650*s = 665*s - 1995. What is the highest common divisor of s and 969?
19
Let y = -7746 + 10138. Calculate the greatest common divisor of 650 and y.
26
Let d = -667 + 843. Calculate the highest common factor of 33 and d.
11
Let r = 620 - 590. What is the greatest common factor of r and 42?
6
Suppose 0 = -6*z - o + 412, -292*z + 2*o + 86 = -291*z. Suppose q - 96 = 254. What is the highest common factor of z and q?
70
Suppose 4745 = 37*i - 435. Let z(u) = 11*u + 12. Let o be z(18). Calculate the greatest common divisor of i and o.
70
Let a be (-7)/(0 + 0 - 1). Let m(g) = -g + 285 - 571 + 300. Let d be m(a). Calculate the greatest common factor of 63 and d.
7
Suppose r - 5060 - 3681 = -i, r + 2*i - 8733 = 0. What is the greatest common divisor of r and 13?
13
Suppose k - 28 = -25, -4*a - 2*k + 66 = 0. What is the greatest common factor of 4035 and a?
15
Suppose -2*w + 0*w - l - 2158 = 0, 3*l - 5406 = 5*w. Let j be (-10)/(-3)*(-6 + w/(-50)). Calculate the greatest common divisor of 832 and j.
52
Suppose 16012 + 8041 + 18067 = 78*j. What is the highest common divisor of 1485 and j?
135
Let n(m) = 146*m + 1145. Let d be n(4). What is the greatest common divisor of 114 and d?
19
Suppose 2066 = 2*a - 4*h - 1982, -5 = h. What is the highest common factor of a and 424?
106
Suppose 3*t = 4*g + 4*t + 533, 5*g + t = -667. Let b = -90 - g. Calculate the highest common factor of b and 176.
44
Let q be 14/6*10626/49. What is the greatest common factor of q and 92?
46
Let u be (-42)/(-10)*223040/3264. Let n(k) = k**3 - k**2 + k + 41. Let g be n(0). Calculate the highest common factor of u and g.
41
Let a(y) = -13*y - 9. Let u(z) = 15*z + 8. Let h(q) = -3*a(q) - 2*u(q). Let v be h(-1). What is the highest common divisor of 16 and v?
2
Let c = -31 - -13. Let a be (-10989)/c - (1 + (-3)/2). Suppose 0 = 4*u - h - a, 4*u + 3*h - 626 = h. Calculate the greatest common factor of u and 14.
14
Suppose -5*n - 25 = 0, -12*m + 5*n = -16*m - 17. Suppose 0*h + h = 108. Suppose m*j = 112 + h. Calculate the greatest common divisor of 10 and j.
10
Let z = 154 + -152. Let m be (15/(-30))/(1 - 3/z). What is the greatest common factor of m and 7?
1
Suppose 55*d + 95*d - 9900 = 0. What is the greatest common divisor of 58278 and d?
66
Let n(k) = k**3 + 12*k**2 - 19*k. Suppose 0 = -t - 158 + 145. Let g be n(t). Calculate the highest common factor of g and 182.
26
Let d = 22124 - 9486. What is the highest common factor of 142 and d?
142
Let w be 0 + -1 + 104 - (3 - 5). Let y = w + -104. Calculate the greatest common factor of 1 and y.
1
Let f(r) = -2*r**3 - 70*r**2 - 95*r + 154. Let a be f(-35). Calculate the highest common divisor of a and 71.
71
Let r(c) = 2*c**2 + 89*c + 783. Let d be r(-68). What is the highest common divisor of 23 and d?
23
Let r be (-16)/28 - 88/(-7). Let o be (6/20*-6)/(24/(-1040)). Calculate the highest common factor of r and o.
6
Let a be 6 - ((-1368)/(-20) + (-15)/(-25)). Let p be a + 103 + (-2)/2. Calculate the greatest common factor of p and 65.
13
Let j = -1004 + 1032. Calculate the greatest common factor of 32 and j.
4
Let i(u) = -138*u + 96. Let v be i(-20). Suppose f + 6*f = v. Calculate the highest common divisor of f and 51.
51
Suppose 8*g - 7874 = 39*g. Let v = -67 - g. Calculate the greatest common divisor of v and 11.
11
Let g be (0/(-2))/1 - (-1 - -61). Let k = 161 - g. Calculate the greatest common factor of 13 and k.
13
Let x be -9*(8/(-12) - 2). Let r be (-1 + x/15)*5. Suppose r*a - 59 - 61 = 0. Calculate the highest common factor of a and 8.
8
Suppose 2*x - j = 55, -4*j = 3*x - j - 69. Let k = -12 - x. Let i = k - -66. Calculate the greatest common factor of i and 112.
28
Let i be (-1 - -311)/(2695/7546). What is the greatest common factor of 616 and i?
28
Suppose -4*s + 3*j + 703 = 0, -s - 24*j = -22*j - 184. What is the greatest common factor of s and 445?
89
Let r(i) = -5*i**2 + 6 - i**2 + 16*i**2 - 34*i + 40*i. Let j be r(-1). What is the highest common factor of 15 and j?
5
Suppose -138 = -3*w - 5*u - 26, -119 = -3*w + 2*u. What is the greatest common factor of w and 6?
3
Let a(g) = -57*g**2 - 3*g + 1. Let o be a(1). Let j = 62 - o. Suppose -5*x = -14 - j. What is the greatest common factor of 243 and x?
27
Let l be (-3 - -4)/(-1) - -252. Let p = 277 - 396. Let h = l + p. What is the greatest common factor of 12 and h?
12
Let v = 49 - 40. Let n be (-1)/(v/(-3) - (-24)/9). Let k(h) = 3*h - 3. Let l be k(n). Calculate the highest common factor of 54 and l.
6
Let s = 64 - 63. Let a = s + 4. Suppose 2*l + a*x = 4*l + 11, 0 = 3*x - 15. What is the greatest common factor of 1 and l?
1
Let r(d) = 101*d**2 - 26*d - 126*d**2 + 9*d**3 - 19 - 10*d**3. Let b be r(-24). What is the highest common divisor of b and 87?
29
Suppose -2*z - 6 = 0, -25*p - 3*z = -21*p - 279. Calculate the highest common factor of 549 and p.
9
Let b = 53 + 144. Let u = -155 + b. Calculate the greatest common divisor of u and 12.
6
Let b be ((-4)/5*1)/(2/5). Let y be (-20 + 0 - b) + (-4 - -1). Let n = y - -22. What is the greatest common divisor of n and 1?
1
Let w be 2/7 + 4 + 8326/161. Let d be (-4)/6 - (-3995)/(-15)*-2. Calculate the greatest common factor of d and w.
28
Suppose 3*y = -2*q + 905, -1201 = -4*q - 3*y + 618. Let s = q - 423. Calculate the highest common factor of 697 and s.
17
Suppose -70 - 69 = -8*f - 19. What is the highest common factor of 2285 and f?
5
Suppose -3*a = 2*w - 612, w - 126 = -a + 177. What is the greatest common factor of w and 162?
27
Let v = -579 - -831. Suppose 3*t + 4*w - 80 = 0, t + w = -4*t + 173. What is the greatest common factor of t and v?
36
Let v = -3046 - -3949. Calculate the greatest common factor of 14 and v.
7
Let b = -17519 + 17564. What is the greatest common factor of 555 and b?
15
Suppose 2039 - 1463 = 24*v. Let k(m) = m**3 - m + 24. Let s be k(0). What is the greatest common factor of s and v?
24
Suppose 2*z - 2*g - 557 = -g, 2*z + 4*g - 572 = 0. Suppose -50*t - z = -64*t. What is the greatest common factor of 30 and t?
10
Let p(w) = 7*w - 126. Let v be 8/12*(-69)/(-2). Let i be p(v). Calculate the greatest common divisor of 5 and i.
5
Suppose 3*y = -0*y - 348. Let q = -102 - y. Let j(i) = i**3 + 7*i**2 - 10*i - 12. Let n be j(-8). What is the greatest common factor of q and n?
2
Suppose 18*v - 200 - 626 = -41*v. What is the highest common factor of v and 7?
7
Suppose -6*h + 5*p = -7*h + 9, -3*p + 3 = 0. Suppose -5*m + 1781 = o + 23, 1418 = h*m - 5*o. Calculate the greatest common divisor of 44 and m.
44
Suppose -5*m - 7 + 2 = 0, -m = -3*r + 7. Suppose 5*s = r*w + 9*s - 276, 0 = 5*s - 25. What is the highest common divisor of w and 20?
4
Let z(w) = w**3 + 7*w**2 + 11*w + 50. Let d be z(-6). Suppose -d*m + 4814 = -986. Calculate the greatest common factor of m and 30.
10
Suppose 0 = -i + 14*i - 13. Let k be (-1 - i)/(2/(-19)). What is the highest common divisor of 361 and k?
19
Let u be -1 + (-4)/(-4) - -67. Let i = -3 + u. Suppose 5*t + 44 = 2*q, -t = -5*q - 0*t + i. Calculate the highest common factor of q and 84.
12
Suppose 4*k + f = 20 + 40, -3*k = -f - 52. Suppose 9*m - 13*m + k = 0. Suppose 2*g = m*g - 40. Calculate the greatest common divisor of g and 20.
20
Suppose -d - 4*n = -6*n - 38, -42 = -d - 2*n. Calculate the greatest common divisor of 2680 and d.
40
Let g(u) = 7*u**2 + 4*u - 7. Let q be g(-6). Suppose 0 = -224*r - 4479 + 19039. Calculate the highest common divisor of q and r.
13
Let i(u) = -2. Let h(n) = 5*n - 71. Let x(m) = -h(m) - 3*i(m). Let b be x(-7). Calculate the highest common factor of 70 and b.
14
Let w(r) = -6*r**2 - 26*r + 1. L